What is the greatest common factor of 32 and m?
8
Let t(j) = 4*j**2 - 57*j + 19. Let l be t(14). Let w be 44689/145 + (-1)/l. Calculate the greatest common divisor of 44 and w.
44
Suppose -456*f - 133*f = -19931760. What is the greatest common divisor of 72 and f?
72
Let j = 26931 + -25598. Calculate the greatest common divisor of j and 473.
43
Let o(p) = 3*p**2 + p + 16. Suppose -4*a - 10 - 6 = 0, 2*f + 5*a + 10 = 0. Let x be o(f). What is the greatest common factor of x and 12?
12
Suppose -33*c + 15 = -38*c. Let t(q) = 36*q**2 - 11*q - 12. Let j be t(c). What is the highest common divisor of j and 69?
69
Let s be (-491)/(-1) - (36/6 + -15). What is the highest common divisor of s and 125?
125
Let k = -4703 - -4957. What is the greatest common factor of 40132 and k?
254
Let t = 4358 - 4228. Calculate the highest common divisor of 80 and t.
10
Let y(m) = -3*m**2 + 302*m - 892. Let q be y(96). Calculate the greatest common factor of q and 32.
4
Suppose -9 = 12*l - 69. Suppose 3*c = 3*a + 6, -4*c - 3*a + 14 = -a. Calculate the greatest common factor of c and l.
1
Let x be -987*(-5)/15 - -4. Calculate the greatest common factor of x and 592.
37
Suppose 4*r + 32*z = 35*z - 7, -7*r + 4 = -2*z. Let q(y) = -y**2 - 5*y - 1. Let o be q(-6). Let v = -5 - o. What is the greatest common divisor of r and v?
2
Let j(y) = 394*y**3 + 5*y**2 - 5*y - 2. Let x be j(1). What is the greatest common factor of x and 1862?
98
Let m(b) = 267*b + 64. Let a be m(2). Suppose -8*c - 262 = -a. What is the greatest common divisor of 294 and c?
42
Suppose 69*y - 138*y + 207 = 0. Let r be (0 - (-4)/3)*6. Suppose -y*c = -r*c + 30. What is the greatest common divisor of 30 and c?
6
Let n(y) = -y**2 - 3*y + 10. Let d = -5 + 5. Let c be n(d). Calculate the highest common divisor of 380 and c.
10
Let p(o) = 4*o**3 + 3*o**2 - 3*o + 4. Let q be p(3). Let r(i) = -i**3 + 47*i**2 - 541*i + 98. Let u be r(20). What is the greatest common factor of q and u?
26
Suppose -9*j - 22 - 356 = 0. Let v = 42 + j. Suppose v*z = 5*z - 4*w - 72, -30 = -3*z - 2*w. What is the highest common divisor of 12 and z?
12
Suppose 51*r = 58*r - 70. Let x be 2 - (-5)/r*118. Calculate the greatest common divisor of x and 1037.
61
Suppose 0 = 5*w - v - 629, -631 = 4*w - 9*w - v. Let u be (-5)/(300/(-6444)) + (-6)/(-10). Calculate the highest common factor of w and u.
18
Let s = -48 - -44. Let r(o) = -o**3 + 4*o**2 - o - 10. Let b be r(s). Calculate the greatest common divisor of 183 and b.
61
Let p(m) = -m**3 + m + 1. Let k(o) = 4*o**3 + 5*o**2 + 2*o - 24. Let f(s) = -k(s) - 3*p(s). Let v be f(-5). Calculate the highest common factor of v and 207.
23
Suppose -315*d + 297*d = -522. Calculate the highest common divisor of 2349 and d.
29
Let y = -174 + 276. Suppose y*c - 48 = 90*c. Calculate the greatest common factor of 16 and c.
4
Let l(y) = -y**2 + 5*y - 4. Let i be l(4). Suppose 3*a - 3*v - 60 = 0, a + 3*v + 11 - 47 = i. Calculate the highest common factor of 192 and a.
24
Let t(w) = 3*w**3 - 21*w**2 + 24*w - 19. Let a be t(8). Calculate the highest common factor of 5 and a.
5
Suppose 3*f = 2*p + 93, -3*p - 4*f + 12 = 126. Let q = p - 3. Let g = q - -70. What is the greatest common divisor of g and 275?
25
Suppose -11038 = -2*l - j, -4*l - 2*j = -j - 22078. Calculate the greatest common factor of 60 and l.
60
Let p = -539 - -548. Suppose -p*y + 1317 = -51. Suppose 0*q - 38 = -q. What is the greatest common divisor of q and y?
38
Let x be 0/((-4)/(8/(-3))*-2). Suppose -y - 2*f + 176 = x, -530 = -3*y - 3*f - 2*f. What is the highest common factor of 135 and y?
45
Let a(p) = -p**3 - 22*p**2 - 69*p - 227. Let q be a(-19). What is the highest common divisor of q and 186?
1
Let x = 4 - -1. Let z = -21 + 21. Suppose y + 3*j - 5 = z, 2*j - 6 + 4 = 0. Calculate the greatest common factor of x and y.
1
Let l(h) = 4*h**3 + 13*h**2 - 10*h - 8. Let s be -1*(-1 - 1) - (-255)/85. Let f be l(s). Calculate the greatest common factor of f and 59.
59
Suppose -15093 = 26*a - 35*a. Calculate the highest common factor of a and 156.
39
Suppose 4*x + 32 = -3*l - 169, 3*x - l = -141. Let d be 2/3 - (-1856)/x. Let y = d + 46. What is the greatest common factor of 8 and y?
8
Suppose 5*i - 742 = -2*i. Let t = 108 - i. Calculate the greatest common divisor of t and 18.
2
Suppose -432 = 3*t + 21*t. Let m = t + 306. What is the greatest common factor of 36 and m?
36
Let q(v) be the second derivative of v**4/12 + 13*v**3/2 + 189*v**2/2 + 33*v - 1. Let b be q(-34). Calculate the greatest common factor of 361 and b.
19
Let u(b) = 187*b**2 + 153*b - 155. Let g be u(1). Calculate the greatest common factor of g and 666.
37
Suppose -p + 61 = t, -3*t + 44*p - 41*p = -201. What is the greatest common factor of t and 392?
8
Suppose 13*g = -36*g + 1666. Suppose 30*z - g*z = 16, 106 = s - z. What is the highest common divisor of s and 442?
34
Suppose -5*s = -8*s - 2*t + 687, -9*t = 5*s - 1111. What is the greatest common factor of s and 40309?
233
Let s(v) = -3*v**3 - 105*v**2 + 4*v + 322. Let f be s(-35). What is the highest common factor of f and 10283?
91
Let r(b) = -b**2 - 7*b + 29. Let p be r(-12). Let o(f) = f + 42. Let u be o(p). What is the highest common factor of 99 and u?
11
Let r(p) = p**3 + 17*p**2 + 2*p + 66. Let f be r(-15). Calculate the greatest common factor of f and 7614.
162
Let y(k) be the second derivative of 4*k**3 - 50*k**2 + 18*k - 2. Let o be y(5). What is the greatest common factor of o and 4?
4
Let m be (210/35)/((-3)/(-2)). Suppose -3*g + 1 = -5. Suppose -2*a + 82 = -g*i, a + 2*i + 35 - 85 = 0. Calculate the highest common divisor of m and a.
4
Let y(r) = r**2 - 6*r + 55. Let g be y(6). Suppose 0 = -7*q + 57 + g. What is the highest common divisor of q and 128?
16
Suppose -2 = g - 20. Suppose -65 - 17 = -3*q - 2*k, 2*q - 52 = -2*k. Calculate the greatest common factor of q and g.
6
Suppose 726 = 8*q - 314. Let m(z) = -4*z + 1. Let a(l) = l**3 + 3*l**2 + l. Let g be a(-3). Let v be m(g). Calculate the greatest common divisor of q and v.
13
Let o = 295 - 315. Let f be 62 - 1/((-10)/o). Calculate the greatest common factor of 75 and f.
15
Let g = -4 + 1. Let i = 2 - g. Let k be -10 - -5 - (2 - 42). Calculate the highest common factor of i and k.
5
Suppose 764*q - 7613 = 4772 + 1367. Suppose 3*o = 4322 - 704. What is the highest common factor of q and o?
18
Let q(c) = c**3 - 3*c**2 + 5*c - 7. Let w be q(7). What is the greatest common factor of 1904 and w?
112
Suppose 17*l - 16*l + 4782 = 4*i, -2*i = 4*l - 2364. Calculate the highest common divisor of 12 and i.
6
Let j be (3 - 3 - 1)*-17. Suppose 108*l - 33*l - 18445 = -80*l. Calculate the greatest common factor of j and l.
17
Suppose -5*q - 3*t = -37, -3*q - 3*t = -7*q + 35. Suppose -w = z - 25, -5*w - 11*z + 135 = -q*z. What is the highest common divisor of w and 240?
30
Suppose -69*n + 89*n = 40. Suppose 2*d + 202 = 4*d + n*z, -3*d - 2*z + 301 = 0. Calculate the highest common factor of d and 9.
9
Let u(j) = j**2 + 15*j - 20. Let a be u(-18). Let p = -32 + a. Let i = p + 4. What is the highest common factor of i and 30?
6
Let g = 288 - 302. Let x be (-9)/(10 - 1)*g. Calculate the greatest common divisor of 14 and x.
14
Let r be ((-140)/63 + 2)/(28/(-63))*9500. Calculate the greatest common factor of 190 and r.
190
Suppose c + 4*l = 1, -c = -5*l - 0 - 19. Let g(p) = p - 2. Let d be g(c). Suppose -d*q + 2 = -61. Calculate the highest common factor of 36 and q.
9
Let o = 28 + -33. Let j(f) = 4*f + 22. Let t be j(o). Let c(g) = 2*g**3 - 2*g**2 - g - 2. Let b be c(t). What is the greatest common divisor of b and 1?
1
Let b(t) = 16*t + 71. Let i be b(-4). Suppose 0 = -i*w + 238 - 28. Calculate the greatest common divisor of w and 330.
30
Suppose b = -3*r - 31, -r = -b + 2*r - 61. Let h = b + 46. Suppose 32 = 2*q - h*q. Calculate the highest common divisor of q and 64.
16
Suppose -23*y = -19*y + 16. Let s be 11 - (y + (-45)/(-5) + -6). What is the greatest common divisor of 8 and s?
4
Suppose -v - 4*v + 595 = 0. Let j(x) = 9*x + 221. Let l be j(-23). What is the greatest common factor of l and v?
7
Suppose -5*j + 566 = -2884. Let b be 182/6 - 90/270. What is the greatest common factor of j and b?
30
Suppose -m + 7 = 3*h, m + 3 = 2*h - 10. Let p be ((-6)/8 - h/16) + 9. Calculat